be (189/42)/((-2)/132). Let b be m/(-351) - (-2)/13. What are the prime factors of b*(302 + 3 - -4)?
3, 103
Let j(v) = -v**3 + 15*v**2 - 4*v - 412. What are the prime factors of j(-19)?
2, 47, 127
Suppose -5*f - 57 = -t, -5*t + 4*f - 114 = -8*t. List the prime factors of 1 + 29827/t - (-1)/(-6).
3, 79
Suppose 2*o - 256 = -6*o. Let d = 7 + o. List the prime factors of 1 - 0 - -91 - (d - 40).
3, 31
Let h(b) = 11385*b**2 - 8*b - 8. List the prime factors of h(-1).
3, 5, 11, 23
Suppose 4*r - 539 = 9*r + l, r + 4*l + 104 = 0. Suppose 112*u - 2076 = 100*u. Let c = u + r. What are the prime factors of c?
5, 13
Suppose -3*f + 79 = -2*f. Let u be (-8)/18*189/(-42). Suppose -u*k + 427 = f. List the prime factors of k.
2, 3, 29
Let y(p) = 125*p**2 - 76*p + 16. List the prime factors of y(9).
7, 193
What are the prime factors of 14/8*7/((-91)/(-417768))?
2, 3, 7, 13, 103
Suppose 38*q - 90 = 36*q. Let y = q - 42. Suppose -4*c - y*f + 114 = -166, -2*f - 126 = -2*c. List the prime factors of c.
67
Suppose -32*f + 18 = -142. Suppose f*k + 4*s - 1008 = 0, 2*k - 4*s = 4*k - 408. What are the prime factors of k?
2, 5
Let p be 18 + 4 + 2*(-6)/(-4). Suppose 13*u - p = 12*u. List the prime factors of u.
5
Let z = 16062 + -12192. What are the prime factors of z?
2, 3, 5, 43
Let f = -3 - -15. Let u be (5 - 0)/(f/12). List the prime factors of 20/30*(495/6)/u.
11
Let o be (-2 - (-21)/9)/((-8)/(-120)). Suppose 0*l + 3*l - b - 1165 = 0, o*l - 4*b - 1937 = 0. List the prime factors of l.
389
Let b(a) = -4*a**3 + 11*a - 36. Let w be b(8). Let n = -1209 - w. What are the prime factors of n?
787
Let x = -267 - -105. Let z = 427 + x. List the prime factors of z.
5, 53
Suppose -t + 40011 = b, 2*t = 3*t - 4. What are the prime factors of b?
11, 3637
Suppose 0 = 6*n - n. Let u be 2 + n - 8/(-4). Suppose u*g = -g + 85. What are the prime factors of g?
17
Let d(a) = a**3 - 8*a**2 + 7*a + 2. Let r be d(8). Let q = -43 + r. Suppose q*f = -94 + 754. What are the prime factors of f?
2, 11
List the prime factors of (-6)/48 - -30*(-127290)/(-96).
2, 19889
Suppose 0 = r - 5*a - 53419, 198*a = 2*r + 200*a - 106862. What are the prime factors of r?
23, 101
Let y be (-8)/(-6)*(-9)/(-2). List the prime factors of 1293 + (-1 - 7) + y.
1291
Let t = 13327 - -31097. List the prime factors of t.
2, 3, 617
Let k(o) = -4*o + 91. Let m be k(22). Suppose -4*p - 3*t = -0*t - 2204, -4*p + m*t = -2228. List the prime factors of p.
2, 277
Suppose 47*b - 51*b + 10291 = -13749. List the prime factors of b.
2, 5, 601
Suppose -4*v - 8 = -2*s - 3*v, 4*v - 8 = -2*s. Suppose 1452 = s*n - 0*b - 4*b, n - 347 = 5*b. What are the prime factors of n?
367
Suppose -396*t + 94*t + 1025020 = -12047050. List the prime factors of t.
5, 11, 787
Suppose f + 11 = -16. Let p = f + 62. What are the prime factors of p/(2 - (-4 + 5))?
5, 7
Let y(u) be the third derivative of u**4/12 + u**3/2 - 29*u**2. Let i be y(3). List the prime factors of i/(-12) + 11/4.
2
Let y(d) = -d**3 - 2*d**2 + 26*d + 10. Let w be y(-6). List the prime factors of -21 + 1738 + (w - (-3 - 2)).
2, 5, 43
Let q(j) = -25*j - 26. Let a = -115 - -112. What are the prime factors of q(a)?
7
Let i = 1302 + -720. Let n = 1102 - i. List the prime factors of n.
2, 5, 13
Let m = 36211 + -23183. List the prime factors of m.
2, 3257
Suppose -4272*r + 4284*r - 53568 = 0. What are the prime factors of r?
2, 3, 31
Let w(i) = i**3 + 16*i**2 + 21*i + 12. Suppose -60 = z + 3*z. Let y be w(z). Let p = y - -161. What are the prime factors of p?
83
List the prime factors of (2384/(-12))/(428/144 + -3).
2, 3, 149
Let n(l) = 2*l**2 - 3*l**2 + 350 - 358 + 4*l + 2*l**2. Let d = 12 - 5. What are the prime factors of n(d)?
3, 23
Let y = -8235 - -16146. What are the prime factors of y?
3, 293
Let m be (-22)/99 + ((-872)/(-9))/4. Let d(b) = b**2 - 13*b. List the prime factors of d(m).
2, 3, 11
Let y = 30203 - 11034. What are the prime factors of y?
29, 661
List the prime factors of ((-24)/(-10))/((-36)/(-140460)).
2, 2341
Let n(u) = 12*u**2 + 3*u + 4. Let m(z) = -4*z**3 - 9*z**2 - 5*z - 1. Let f be m(-2). What are the prime factors of n(f)?
11, 29
Let u be 9/12 - (-42)/8. Let f be (-11)/((-33)/9)*(-194)/u. Let a = 136 + f. List the prime factors of a.
3, 13
Suppose 0 = -3*i + 19*m - 14*m + 74, 3*m + 3 = 0. Suppose -i*b - 52630 = -61*b. List the prime factors of b.
5, 277
What are the prime factors of (6913/6)/((-70)/(-210))*2?
31, 223
Let r(a) = 20*a + 2*a**2 - 3*a**2 - 3627 + 3642. Suppose 5*b - 52 - 48 = 0. List the prime factors of r(b).
3, 5
Let g be 158/(-18) - 4/18. Let x = 12 + g. What are the prime factors of (x/(-2))/((-12)/104)?
13
Let a = -6585 - -8708. What are the prime factors of a?
11, 193
Suppose 5*q - 48 = 13*q. Let p(z) = 47*z - 10. Let m(d) = 94*d - 20. Let l(x) = q*m(x) + 13*p(x). List the prime factors of l(3).
131
Let i be (0 - 2) + 12*6/12. Suppose 2*l + 2198 = i*l - 4*t, l - 1096 = 5*t. List the prime factors of l.
3, 367
Let q be 10 + -1 + 2*15/(-6). Suppose -21*z + 18*z - u + 2239 = 0, -1516 = -2*z + q*u. What are the prime factors of z?
2, 11, 17
Let u = 1242 - -333. What are the prime factors of u?
3, 5, 7
Let x be -3 + -1 + 2 + -39. Let n = x - -43. What are the prime factors of n/(-3)*(-2 - 1) - -184?
2, 3, 31
Let j be (10/8)/((-27)/(-108)). Suppose -7*k + 3*k = j*i - 3337, -4*i = 12. List the prime factors of k.
2, 419
Suppose -16*w + 5695 + 12625 = 0. Suppose 2*j = -3*k - 3*j + w, j = -k + 381. What are the prime factors of k?
2, 5, 19
Suppose -4*m - 5*n + 37 = 324, n - 74 = m. Let o = 531 + m. List the prime factors of o.
2, 229
Suppose -12*c = -24*c - 72. Let f(y) = -37*y + 82. What are the prime factors of f(c)?
2, 19
Suppose 0 = -32*q - 11*q + 447124 + 242123. List the prime factors of q.
3, 13, 137
Suppose 403*x - 402*x - 2845 = 0. Suppose 1931 + x = 12*l. What are the prime factors of l?
2, 199
Let y be 60/16*(-6)/(-9)*-124. Let w = y - -474. List the prime factors of w.
2, 41
Let t be (-3 - -2)/(((-8)/(-22))/(-4)). Suppose t*n - 16*n = -15. Suppose 2*m + n - 281 = 0. List the prime factors of m.
139
Suppose -4*y - 12 = 0, -3*b + 5*y = -6*b + 21. Suppose -10*u = -b*u - 72. Let c = 61 + u. What are the prime factors of c?
5
Suppose 2*v - 9 = -5*u, -u = -5*v + 3*v + 3. Suppose 3*f - 1995 = -5*a, 3*f - v*f + 809 = 2*a. What are the prime factors of a?
2, 3, 67
Suppose 2*h - 237 = -h. Let c = h - 38. Suppose 0 = -3*g + 4*g - c. What are the prime factors of g?
41
Let w = -538 + 1553. Let u = 38 + w. List the prime factors of u.
3, 13
Suppose -6*k - 4 - 8 = 0. Let j be k/(90/(-94) - -1). Let v = -26 - j. List the prime factors of v.
3, 7
Let f be (55/(-5) - -3)/(1*-2). Suppose -698 = -f*q + 2326. Suppose 0*a - q = -9*a. What are the prime factors of a?
2, 3, 7
Let m(t) = -3*t - 31. Let s be m(-11). Suppose -2*u + s*g = -13 - 13, 3*g - 9 = -u. Let o = 10 + u. List the prime factors of o.
2, 11
What are the prime factors of 1555984/5214*57/2 + 1/(-11)?
3, 5, 7
Let f be -6 + (-134)/(-8) + (-5)/(-20). What are the prime factors of (f - (23 + -10))/(2/(-897))?
3, 13, 23
Let u = -2886 - -3285. What are the prime factors of u?
3, 7, 19
Suppose 25*i = 16*i + 657. Suppose 483 = 4*a - i. What are the prime factors of a?
139
Let z(g) = 3*g - 34. Let s be z(13). Suppose 4*b - 4387 = 3*y, 0*y - 5*y + 5475 = s*b. List the prime factors of b.
2, 137
Let r = -34 - -43. Let t be 5028/r + 1*2/(-3). Suppose 0 = -7*f + 387 + t. List the prime factors of f.
3, 5
Let n(a) = -138*a - 389. What are the prime factors of n(-50)?
17, 383
Let y = 75 - 364. Let j = y - -1345. List the prime factors of j.
2, 3, 11
Let i(j) be the third derivative of -j**6/120 - 3*j**5/20 + j**4/24 - 2*j**3 - 6*j**2. Let v be i(-9). Let f = 49 + v. List the prime factors of f.
2, 7
Let j(x) = -101*x + 41. Let i = 141 + -144. What are the prime factors of j(i)?
2, 43
Suppose u - 8 = -1. Suppose 4*o - 4*a = 12, 5*o + 4*a = 31 - u. Suppose -516 = -o*x + 4*c, -8*c + 3*c + 244 = 2*x. What are the prime factors of x?
127
Suppose 2*h - 5*s - 57 = 0, 3*s + 3 = -0. Let d(z) = 10*z + h - 29 - 23. What are the prime factors of d(10)?
2, 37
Let y be 1 - -8 - (2 + 0)/2. Suppose -2*w - y = 0, -b + 7 = -3*w + 45. Let k = -46 - b. What are the prime factors of k?
2
Let m be (-7)/(28/16) - 22. Let q = m + 1. Li